s z composite?
False
Suppose -3*d + 4*h + 8529 = 0, -5*d - 3*h - 7496 = -21711. Is d a composite number?
False
Suppose 5*t - 301 = -p - p, -15 = -5*p. Let n = 18 + t. Is n a prime number?
False
Is 10 - (21 - 8) - (0 - 83740) a prime number?
True
Suppose 5*r + 3*d = 875, 4*d + 511 = 3*r + 3*d. Suppose 4 = -h - r. Let q = 583 + h. Is q a composite number?
True
Let b be (-8)/(-3)*27/18. Suppose b = 5*p - 6. Suppose 93 = p*w - 161. Is w a prime number?
True
Let s(l) = 3*l**2 - 5*l + 1 + 18*l**2 - 1. Let g be s(-4). Is g + 1*(-8)/(-4) a composite number?
True
Let x = -9 + 9. Let z be (1 + x)*(-3 - -1). Is z - (-1 + -125) - 3 composite?
True
Let n(k) = k + 10. Let y = -17 - -10. Let u be n(y). Suppose -2*c + u*c - 67 = 0. Is c prime?
True
Is 9 + (-1 - 6) - -5555 a composite number?
False
Let j = 49 - 49. Suppose j = 2*i - 11*i + 27567. Is i a composite number?
True
Let x(j) = 16*j**3 - 3*j**2 + j + 1. Let l be x(1). Is l/40 - 36586/(-16) composite?
False
Suppose 90*m - 92*m + 45610 = 0. Is m a composite number?
True
Let u be 2/1*(6 - 5). Is (-2)/u - (-1356)/(-8)*-4 prime?
True
Suppose 2*s - 3*v + 0*v - 451 = 0, -445 = -2*s + 5*v. Let y be 10/3*(-24)/(-10). Suppose -s = -y*l + 3*l. Is l a prime number?
False
Let r = 39 + -73. Suppose 4*u - u = 4*k - 342, -168 = -2*k + 3*u. Let m = k + r. Is m a composite number?
False
Let q = 15 - 12. Suppose 4*i - 3*b - 843 = i, 839 = q*i + b. Suppose i + 77 = 3*w. Is w composite?
True
Suppose 11*r = 32*r - 245217. Is r composite?
False
Let m(i) = -149*i - 1. Let d be m(-2). Let y(v) = 146*v - 7. Let f be y(1). Let j = d - f. Is j composite?
True
Let z(x) = 58*x**2 - 2. Let a be z(-2). Let r(q) = 30*q**2 - 2*q - 3. Let n be r(-2). Let p = a - n. Is p a prime number?
True
Is 9/54*-30729*-2 composite?
False
Let x(w) = 4*w - 1. Let s be x(9). Let f be 4/7 - (-9290)/s. Let y = f + -135. Is y prime?
True
Let l = 29 + 239. Suppose 7*q + 1085 = 2*q - 5*n, -4*q - 848 = -n. Let s = l - q. Is s prime?
False
Let c(f) = 70*f**2 - 6*f - 5. Let h(q) = -q**3 - 6*q**2 - 6*q + 4. Let w be h(-4). Is c(w) a prime number?
False
Let u(w) = -w + 5. Let c be u(3). Suppose -c*k - 555 = k. Is (2/(-2))/(5/k) a prime number?
True
Suppose 1141 = -0*x + x + 5*l, -1159 = -x + 4*l. Is x a composite number?
False
Let v = -68 + 122. Suppose 4*k - v = 10*k. Is 9/k*-89*1 a composite number?
False
Let l = -6 + 6. Let n(b) = -2*b + l*b + 22 + b - b**2. Is n(0) a composite number?
True
Let h(i) = 3*i + 3. Let j be h(4). Let q = -3 + j. Suppose -2*t + 4*t - 5*o = 18, -3*o + q = 0. Is t a prime number?
True
Let m be 4 - (-6)/9*-6. Suppose -n - 3*d - 6 = 0, n + d + d + 4 = m. Suppose n = -3*u + 88 + 143. Is u composite?
True
Let l be (6 + -5)/(2/218). Let y = -26 + l. Is y a composite number?
False
Suppose -4*b - 5*g + g - 120 = 0, -g = 0. Let u = -59 - b. Let l = u + 87. Is l a composite number?
True
Suppose 39*q - 127919 = -4*a + 38*q, 2*a = -5*q + 63937. Is a a prime number?
True
Suppose 19*c - 14*c + 15 = 0. Is 4/((-4)/c) - (-239 - -3) prime?
True
Let l = 133 - 131. Suppose 2*u - 1737 = -l*d + d, 0 = 2*d - 2*u - 3462. Is d composite?
False
Let o(g) = 200*g - 33. Is o(5) a prime number?
True
Let b be 5/(-20) + 34/8. Let r = 1 - b. Is 2/(-6) - 58/r composite?
False
Suppose 3*z = 5*z. Suppose -3*i - 4*n = z, -i + 0*n = -5*n - 19. Suppose i*k = r + 631, -7*k + 2*k - 4*r = -773. Is k prime?
True
Suppose 17011 + 25127 = 6*y. Suppose 7*d = 782 + y. Is d a composite number?
True
Suppose 3*l - 130 = -2*l. Let n(r) = 2 + 1 + l*r + 11 + 1. Is n(8) a composite number?
False
Suppose 160 = 5*a + 5*l - 250, -2*a = l - 162. Suppose -112 - a = -6*u. Let x = u + -26. Is x composite?
True
Suppose 5*b = 197 - 42. Suppose b - 11 = v. Suppose 238 = n + v. Is n composite?
True
Let x(u) = -55*u + 158*u + 3 - 2 + 133*u. Is x(8) composite?
False
Let m(o) = 113*o**3 + 9*o**2 - 23*o + 5. Is m(2) composite?
True
Let s = 21 + -22. Is s/(-6) - (-4648)/48 prime?
True
Let v(i) = 84*i**2 + 67*i - 3. Is v(-4) a prime number?
False
Suppose -24839 = -4*t + 23*z - 22*z, 4*t - 24842 = 2*z. Is t composite?
True
Let b be (-98)/(-35) + (-12)/15. Suppose -b*h + 5484 = 4*y, y - 7*h = -3*h + 1362. Let n = -411 + y. Is n prime?
False
Let q(a) = 7*a + 81*a**3 + a + 7 + 9*a - 16*a. Is q(4) composite?
True
Suppose 3*w = -x + 9, -2*x - 4*w = -18 + 2. Suppose 5*y - x*y = -4. Suppose 199 = p - 0*v - y*v, p - 3*v = 194. Is p composite?
False
Suppose 9*u + 10 = -44. Is (((-7101)/u)/(-9))/((-1)/14) a composite number?
True
Let c = -638 - -1391. Suppose -40*k - c = -43*k. Let y = 364 - k. Is y a prime number?
True
Suppose w = -15 + 19. Let l be (18/(-5))/(w/(-10)). Suppose -38 = 8*t - l*t. Is t composite?
True
Let l(f) = -2*f**3 - 5*f**2 - 4*f. Let k be l(-2). Let a(h) be the second derivative of 3*h**5/20 - h**4/6 + h**3/3 - 5*h**2/2 + 4*h. Is a(k) prime?
True
Is (12372 - 2)/(-12 + 14) a prime number?
False
Let l = 10 + -8. Let s(d) = -3 + 0 - d**2 + l*d + 5*d. Is s(5) composite?
False
Let o = -33 + 33. Suppose -w = -o*w - 57. Is w a composite number?
True
Suppose 3*o + 2*b - 62653 = -19802, 5*o = -2*b + 71413. Is o a prime number?
True
Suppose 5*q - 8193 = 4*a, -a + 1635 = q - 0*a. Is q composite?
False
Let c = -221 + 153. Let l be (-33)/(-3)*-1*c. Suppose -3*m + 1157 = -l. Is m a composite number?
True
Let q be (42/70)/(2/2630). Suppose 0 = 4*a - 2*s + s - 1032, q = 3*a + 3*s. Is a a prime number?
False
Suppose m = u + 164 + 3437, 3605 = m + u. Is m composite?
True
Let l = 58 - 56. Suppose -l*p = p - 4989. Is p a composite number?
False
Let h(m) = -m**3 - m + 379. Let d be (-1)/(-2) - 6/12. Is h(d) composite?
False
Let t(v) = v + 12. Let h be t(-10). Let p(s) = 24*s**h + s - 5*s + 7*s**2 - 2. Is p(-3) prime?
False
Is (21524/12)/(2*(-5)/(-30)) a composite number?
False
Let n = -33 + 56. Let b = 44 - n. Is b a prime number?
False
Let u(k) = -92*k + 311. Is u(-19) composite?
True
Suppose -j - 3 = -4*j. Let w be -62 + 2/(-3 + j). Let x = -42 - w. Is x composite?
True
Let s(r) = r**2 - 12*r + 15. Let f be s(11). Let h be 3*13*f/(-12). Let q = h - -20. Is q prime?
True
Let v(p) = 70*p - 5. Let m be v(-5). Let q = m - -609. Is q a prime number?
False
Suppose -3*h - 35 = v, 5*h - v = -5*v - 56. Let w be (1/3)/((-6)/(-18)). Let l = w - h. Is l composite?
False
Suppose 0 = -2*y - 2*b + 9704, 3*y - y = -b + 9701. Is y a prime number?
False
Suppose 82*u - 77*u = 64105. Is u a composite number?
False
Let o(n) = -31*n**2 + 67*n + 4. Let s(v) = -10*v**2 + 22*v + 1. Let g(f) = 2*o(f) - 7*s(f). Is g(6) a composite number?
True
Is (-3)/((-21)/15800) - 1/7 composite?
True
Let v = 3 + -2. Suppose -s - 5*f - 532 + 1701 = 0, -2*f = 2*s - 2306. Is -2 - s/(-2 - v) composite?
True
Suppose 2*d = -2*c + 3*c - 192560, 2*d + 4*c + 192580 = 0. Let p be d/(-66) + 2/11. Suppose 5*g - 3*r - p = -5*r, 0 = -4*g + 4*r + 1184. Is g prime?
True
Let l = -1372 + 4481. Is l a composite number?
False
Is (-3)/((-18)/15)*356 - 1 a composite number?
True
Let p = -15 + 28. Suppose -5*o = -12 - p, -4*c = 4*o - 152. Is c a prime number?
False
Suppose 2*c + 4*r - 35 = -r, -2*r - 44 = -5*c. Suppose 0*q + w + 4 = 2*q, -5*q - 5*w + c = 0. Suppose 6*z - 84 = q*z. Is z prime?
False
Let x(l) = 73*l - 2. Let h(b) = -2 - 73*b + 8 - 5. Let t(v) = -4*h(v) - 5*x(v). Is t(-5) prime?
False
Let b = -8636 - -12903. Is b prime?
False
Let l(s) = 3 + 9*s + 4 + 18. Is l(18) a composite number?
True
Suppose -17*j = -22*j + 3*g + 490780, 2*g + 294469 = 3*j. Is j a composite number?
True
Let m = 1960 + 113. Suppose 5*a - 2073 = -3*l, 0*l - 5*a - m = -3*l. Is l prime?
True
Is (42/(-28))/((-9)/19794) composite?
False
Let s = -566 + 193. Let b = s + 554. Is b a prime number?
True
Suppose 2*o - 1365 - 912 = -5*d, 3*o + d - 3435 = 0. Suppose -g + o = 5*g. Is g a composite number?
False
Suppose -3*x = 6, -3*a - 2*x - x + 3 = 0. Suppose 0 = -q + a*y + 2 - 17, -4*q + 4*y - 60 = 0. Is 157/5 - (-6)/q a prime number?
True
Suppose 0 = 4*r + 2*j - 460, 2*r - 3*j - 312 = -90. Suppose z - 641 = -r. Is z a composite number?
True
Let o(t) = 12*t**2 + 3*t - 4. Let x(b) = -7*b**2 - b + 2. Let k(m) = 3*o(m) + 5*x(m). Let w be (-56)/(-5) + 1/(-5). Is k(w) a composite number?
False
Let p = 1268 + 395. Let q = p + -404. Is q composite?
False
Let w(n) = -2*n**2 + 34*n + 10. Let u(d) = -d**2 +